b*(-8 - (1 + -1)).
6
Let y = 5 + 0. Suppose -y*u + 28 = -12. Suppose -h + 3 = -u. Calculate the remainder when h is divided by 6.
5
Suppose 2*h = -23 + 63. What is the remainder when ((-786)/(-36))/((-10)/(-45)) + 2/(-8) is divided by h?
18
Let l = -742 + 802. Calculate the remainder when 76 is divided by l.
16
Let o be (-7)/14 - (-17)/2. Let f(i) = i. Let p = -6 + 11. What is the remainder when f(o) is divided by p?
3
What is the remainder when 120 is divided by (21 + (-247)/13)/((-2)/(-49))?
22
Suppose 0 = 5*u + 4 - 24. Let d be (-910)/(-45) + u/(-18). Let c = d - 12. What is the remainder when 12 is divided by c?
4
Suppose 0 = w, 3*t + 0*w + w = -18. What is the remainder when 65 is divided by 28 - 3/(t/(-4) + 0)?
13
Let a(y) = y**3 + 5*y**2 - y - 7. Let z be a(-5). Let x = 2 + z. Suppose 5*c = -x*c + 80. Calculate the remainder when 29 is divided by c.
13
Let l be (-5 - -2)/(12/8). Calculate the remainder when (l + 49/3)/(22/198) is divided by 44.
41
Let k be 3*((-16)/(-12) + -3). What is the remainder when 16/(-6)*k/((-20)/(-6)) is divided by 4?
0
Let y(f) = 5*f + 15. Let h be y(5). Suppose z - 3*z + h = 0. Calculate the remainder when z is divided by 6.
2
Let l(n) = n**2 + 3*n - 2. Calculate the remainder when 19896/84 + (-88)/(-77) is divided by l(-6).
14
Let c be (3/(-12)*2)/(1/(-124)). Suppose 0 = -5*w + 3*k + c, -3*k + 7 = w - 9. What is the remainder when 64 is divided by w?
12
Suppose 5*a - 4 = 4*n + 14, 5*n + 8 = -a. Suppose 4 = 4*t - a*v + 3*v, 0 = 3*v. Calculate the remainder when 64 is divided by 1/t*1 + 21.
20
Suppose 5*r - 119 = -2*w, -2*w + w + 22 = r. Calculate the remainder when 197 is divided by r.
22
Let a be (2 + -2)/(-1 - 0). Calculate the remainder when (3 + -2)/(1/31) is divided by (-70)/(-5) - (a - -3).
9
Let g(v) = 2*v + 36. Suppose 5*d - 320 - 70 = 0. What is the remainder when d is divided by g(-8)?
18
Let d(v) = -58 - v + 2*v + 67. Let b = 3 - 7. What is the remainder when 18 is divided by d(b)?
3
Let q = 20 + 79. Let f = -91 + q. What is the remainder when f is divided by 2?
0
Suppose 712 = 3*z + 136. Suppose 2*k - 69 = p, 3*k + 2*k = -4*p + z. Calculate the remainder when 70 is divided by k.
34
Let w(y) = 4*y**2 - 5*y + 2. What is the remainder when w(3) is divided by (8/(-7) + (-2114)/(-49))/6?
2
Let g = 72 - 60. What is the remainder when 29 is divided by (1/(-2))/(g/(-120))?
4
Suppose 0 = 2*j - 17 - 1. Suppose -185 = -3*d - 2*f, 4*f = 4*d - 147 - 93. Suppose d = 4*h - 75. What is the remainder when h is divided by j?
7
Suppose -5*z + 6*z = 5*n + 213, 3*z = -n + 639. What is the remainder when z is divided by 31?
27
Suppose 4*w - 10 = -2*u - 2, 4*w - 4*u - 32 = 0. Suppose -j = 2*j - 30. Calculate the remainder when j is divided by w.
2
Suppose 145 = 8*d - 23. Calculate the remainder when d is divided by 11.
10
Let y(i) be the third derivative of 11/24*i**4 + 0*i - 7/60*i**5 + 13*i**2 + 1/120*i**6 + 0 + 1/6*i**3. Calculate the remainder when 91 is divided by y(6).
29
Let u(t) = t + 16. Let f be u(-7). Let w(j) = -j + 4. Let v be w(f). Calculate the remainder when 43 is divided by (-5)/(v/(-3)) - -14.
10
Suppose 0 = a - 3*a + 14. Let o = 0 + a. Let j = 251 - 225. Calculate the remainder when j is divided by o.
5
Let d = -251 + 367. What is the remainder when 214 is divided by d?
98
Let j = 9 + -13. Let w be j + 4/((-16)/(-92)). Suppose -w*x + 26 = -17*x. What is the remainder when 25 is divided by x?
12
Suppose -55*t + 1127 + 1898 = 0. What is the remainder when 151 is divided by t?
41
Let t = 28 - -62. Suppose -2*j + t = 3*j. Suppose -2*f = d + 65 - 125, -5*f = d - 45. Calculate the remainder when d is divided by j.
16
Let z(l) = 56*l + 14. Let t be z(-1). Calculate the remainder when 64 is divided by (72/16)/9 - t/4.
9
Suppose 304 = 10*n - 216. Let i = -9 + 12. Calculate the remainder when n is divided by ((-2)/(-6))/(i/126).
10
Let n(a) = a**3 - 10*a**2 + 9*a + 9. Let i be (-6)/21 - (-65)/7. Calculate the remainder when 28 + (-10)/(-6)*3 is divided by n(i).
6
Suppose -3*w + 36 = j, 11*j - 10*j = 2*w - 24. What is the remainder when 44 is divided by w?
8
Suppose 0 = -7*v + 127 + 195. What is the remainder when 274 is divided by v?
44
Let s(a) = -a**3 - 5*a**2 + 3*a - 2. Let o be s(-7). Calculate the remainder when (-1 + 3)*o/3 is divided by 14.
8
Let b(a) = 2*a**2 + 6*a - 14. What is the remainder when 108 is divided by b(3)?
20
Suppose 0 = 4*a + 50*v - 53*v - 30, -5*v + 28 = 2*a. Let b = 27 - 3. What is the remainder when b is divided by a?
6
Suppose 2*z = -0*z. Suppose z = -2*j + 4. Let u(f) = f**3 - 2*f + 2. Calculate the remainder when 22 is divided by u(j).
4
Let g = -20 + 26. Let w be (-6)/(-4)*(-4)/(-3). Calculate the remainder when w/(-5) + 77/5 is divided by g.
3
Let z = -328 + 175. Let b = 161 + z. What is the remainder when 11 is divided by b?
3
Let j = -29 - -46. Suppose f - 3*i = 203, -2*f + 4*i = -f - 198. Suppose 3*x - f = -20. What is the remainder when x is divided by j?
15
Let h(n) = 2*n**2 - 133*n - 285. What is the remainder when h(70) is divided by 62?
19
Suppose -5*u - 5 = -5*v - 0, 9 = -4*u + 5*v. Let b(a) = 3*a - 13. What is the remainder when b(6) is divided by u?
1
Let l(s) = s**2 - 5*s + 12. What is the remainder when 100 is divided by l(6)?
10
Suppose -3*q + 3 = -0. Calculate the remainder when ((-2)/(-4))/((-12)/(-424))*3 is divided by q/2 - (-81)/6.
11
Suppose -3*w + 5*u + 19 + 24 = 0, -4*w + 62 = -2*u. What is the remainder when w is divided by 8?
0
Suppose -1921 = -4*j + u, 3*j - 1458 = -6*u + u. Let x = -331 + j. Calculate the remainder when x is divided by 17.
14
Let l(p) = -20*p. What is the remainder when l(-2) is divided by -5 - ((-435)/30 + 6/(-4))?
7
Let w = 1176 + -1167. Calculate the remainder when 47 is divided by w.
2
Let g(i) = -i**2 + 8*i - 7. What is the remainder when (391/68 - 6) + 162/8 is divided by g(5)?
4
Suppose -6*a - 555 = -11*a. Suppose -4*l + l = -12, -l - a = -5*v. What is the remainder when 91 is divided by v?
22
Let h = 90 - -36. What is the remainder when h is divided by 34?
24
Let r(q) = 786 + q**2 + 0*q**2 + 20*q - 2*q**2 - 772. Suppose 5*m - 98 = -13. Calculate the remainder when r(18) is divided by m.
16
Suppose 5*v = -465 + 140. Let z = -12 - v. Let l(d) = 5*d - 6. Calculate the remainder when z is divided by l(4).
11
Let a = 3 - -14. Suppose -2*n = 4*i - 46, 3*i - 3 - a = -n. What is the remainder when n is divided by 8?
5
Let t be -3 + 2 + (31 - 0). Let y = -24 + t. Calculate the remainder when y is divided by 3.
0
Let h(z) = -3 + 11*z**2 - 2*z**2 - 2*z**2 + 2. Calculate the remainder when 23 is divided by h(1).
5
Let p(y) = -10*y**3 - y. Let c be p(-2). Let n = c - 39. Suppose -51 = -3*f - 2*t + n, 5*t + 101 = 3*f. Calculate the remainder when f is divided by 7.
4
Let j(m) = -m + 38. Suppose 3*d - 130 = -2*h - 29, 0 = 4*d - h - 120. Suppose 2*y - d = -11. What is the remainder when j(0) is divided by y?
8
Suppose -g + 18*i - 15*i + 159 = 0, 0 = 3*g - 2*i - 498. Calculate the remainder when g is divided by 13.
12
Let a(o) = 51*o + 10. Calculate the remainder when a(2) is divided by 55.
2
Let k(z) = z**3 + 43*z**2 + 39*z + 20. Calculate the remainder when 300 is divided by k(-42).
8
Let b be (2*-6)/4 - (2 + -5). Suppose 0 = f - 5*y - 39 - 19, -f + 3*y + 50 = b. What is the remainder when f is divided by 13?
12
Let u be 792/(-1 - -4) - -4. Suppose -5*k + u = -22. Suppose -4*a + k = -30. What is the remainder when 63 is divided by a?
19
Let t = -1038 - -1609. Calculate the remainder when t is divided by 13.
12
Suppose 0 = -7*y + 5*y + 24. Let u(w) = -42*w + 3. What is the remainder when u(-1) is divided by y?
9
Suppose -3*z = -2*c - 195 + 31, -3*z + 136 = 5*c. What is the remainder when 204 is divided by z?
48
Suppose -2*h - 1 = -3*i, -h = -1 - 3. Suppose s = -i*a + 23, 4*a = -s - 2*s + 39. What is the remainder when a is divided by 6?
0
Suppose 0 = -3*a + 1 - 4. Suppose -x - 3*t - 6 = 1, -4*x + 5 = t. What is the remainder when 8 + a*(-10)/(-2) is divided by x?
1
Let z(k) = 6*k + 156. Suppose -2*h - h = -4*n, 3*h + 4*n = -24. Calculate the remainder when -3 - h/(4/49) is divided by z(-22).
22
Suppose 5*y - 2*l = 27, 142*y + 2*l = 146*y - 22. Let u = 8 + -2. What is the remainder when u is divided by y?
1
Let i(p) = -p**3 - 3*p**2 + 4*p + 